924870?
7
What is the hundreds digit of 3444570?
5
What is the thousands digit of 20014871?
4
What is the millions digit of 3599057?
3
What is the hundred thousands digit of 18141041?
1
What is the hundred thousands digit of 250650?
2
What is the tens digit of 233251?
5
What is the hundreds digit of 96355?
3
What is the millions digit of 21172021?
1
What is the hundreds digit of 2348685?
6
What is the hundred thousands digit of 5069185?
0
What is the ten thousands digit of 956135?
5
What is the units digit of 11953258?
8
What is the millions digit of 13829216?
3
What is the millions digit of 28969737?
8
What is the hundreds digit of 962974?
9
What is the thousands digit of 7372514?
2
What is the millions digit of 1075258?
1
What is the units digit of 127246?
6
What is the tens digit of 2320043?
4
What is the units digit of 105704?
4
What is the hundreds digit of 392489?
4
What is the hundreds digit of 217661?
6
What is the millions digit of 27262114?
7
What is the hundred thousands digit of 190163?
1
What is the ten thousands digit of 383490?
8
What is the thousands digit of 4976123?
6
What is the ten thousands digit of 5084452?
8
What is the hundreds digit of 981304?
3
What is the ten thousands digit of 527619?
2
What is the millions digit of 1354129?
1
What is the ten thousands digit of 709567?
0
What is the hundred thousands digit of 589498?
5
What is the hundreds digit of 677532?
5
What is the tens digit of 249264?
6
What is the hundreds digit of 9142295?
2
What is the ten thousands digit of 28614317?
1
What is the ten thousands digit of 5769226?
6
What is the thousands digit of 9898630?
8
What is the ten thousands digit of 2730129?
3
What is the units digit of 5770986?
6
What is the units digit of 99361?
1
What is the tens digit of 9520533?
3
What is the hundreds digit of 24147868?
8
What is the thousands digit of 44029?
4
What is the hundreds digit of 610720?
7
What is the tens digit of 4508581?
8
What is the hundred thousands digit of 985895?
9
What is the thousands digit of 278241?
8
What is the thousands digit of 2186356?
6
What is the units digit of 4492351?
1
What is the hundreds digit of 22314?
3
What is the hundred thousands digit of 4498277?
4
What is the ten thousands digit of 10949997?
4
What is the tens digit of 23892?
9
What is the units digit of 672731?
1
What is the ten thousands digit of 251960?
5
What is the ten thousands digit of 11637461?
3
What is the hundreds digit of 16232821?
8
What is the hundreds digit of 3078315?
3
What is the tens digit of 757503?
0
What is the hundred thousands digit of 191964?
1
What is the tens digit of 6856581?
8
What is the ten thousands digit of 4964262?
6
What is the hundreds digit of 13021126?
1
What is the ten thousands digit of 1476265?
7
What is the thousands digit of 1082245?
2
What is the ten thousands digit of 625634?
2
What is the tens digit of 2770561?
6
What is the tens digit of 2135949?
4
What is the hundred thousands digit of 15196047?
1
What is the millions digit of 3580460?
3
What is the ten thousands digit of 347613?
4
What is the hundred thousands digit of 3265011?
2
What is the units digit of 16710?
0
What is the ten thousands digit of 33038233?
3
What is the units digit of 13980990?
0
What is the tens digit of 325171?
7
What is the hundred thousands digit of 4638090?
6
What is the ten thousands digit of 5814416?
1
What is the hundred thousands digit of 895530?
8
What is the millions digit of 3890588?
3
What is the hundred thousands digit of 4075796?
0
What is the thousands digit of 245454?
5
What is the hundred thousands digit of 236370?
2
What is the tens digit of 1549969?
6
What is the ten thousands digit of 10046247?
4
What is the units digit of 123125?
5
What is the thousands digit of 744948?
4
What is the hundreds digit of 926237?
2
What is the hundred thousands digit of 790283?
7
What is the units digit of 103499?
9
What is the thousands digit of 545808?
5
What is the ten thousands digit of 1057043?
5
What is the tens digit of 128428?
2
What is the thousands digit of 1082318?
2
What is the hundred thousands digit of 1583475?
5
What is the thousands digit of 388574?
8
What is the hundreds digit of 914241?
2
What is the hundred thousands digit of 324424?
3
What is the units digit of 251249?
9
What is the ten thousands digit of 10801692?
0
What is the units digit of 8409?
9
What is the tens digit of 674951?
5
What is the ten thousands digit of 1649369?
4
What is the ten millions digit of 36791546?
3
What is the hundred thousands digit of 595031?
5
What is the hundred thousands digit of 7756774?
7
What is the tens digit of 1606728?
2
What is the thousands digit of 1559383?
9
What is the ten thousands digit of 22206?
2
What is the thousands digit of 14631268?
1
What is the units digit of 963129?
9
What is the ten thousands digit of 22513100?
1
What is the hundred thousands digit of 196129?
1
What is the hundred thousands digit of 326301?
3
What is the thousands digit of 192373?
2
What is the ten thousands digit of 918296?
1
What is the hundred thousands digit of 1623555?
6
What is the tens digit of 274271?
7
What is the hundreds digit of 46269?
2
What is the ten thousands digit of 571199?
7
What is the hundreds digit of 210786?
7
What is the thousands digit of 881622?
1
What is the hundreds digit of 2491949?
9
What is the hundred thousands digit of 847801?
8
What is the tens digit of 690387?
8
What is the hundred thousands digit of 2034883?
0
What is the ten thousands digit of 165528?
6
What is the units digit of 2770514?
4
What is the hundred thousands digit of 955207?
9
What is the units digit of 32946?
6
What is the thousands digit of 205508?
5
What is the hundred thousands digit of 6836991?
8
What is the thousands digit of 248424?
8
What is the tens digit of 5847972?
7
What is the thousands digit of 506682?
6
What is the thousands digit of 1279731?
9
What is the hundred thousands digit of 159415?
1
What is the hundred thousands digit of 8057877?
0
What is the millions digit of 7876885?
7
What is the ten thousands digit of 2827887?
2
What is the hundred thousands digit of 706203?
7
What is the ten thousands digit of 134800?
3
What is the tens digit of 6821005?
0
What is the units digit of 3371526?
6
What is the thousands digit of 11502057?
2
What is the millions digit of 2035704?
2
What is the tens digit of 3493465?
6
What is the thousands digit of 157682?
7
What is the units digit of 6372129?
9
What is the hundred thousands digit of 6445795?
4
What is the units digit of 3139287?
7
What is the units digit of 375056?
6
What is the millions digit of 1225141?
1
What is the hundreds digit of 296373?
3
What is the units digit of 19624?
4
What is the ten thousands digit of 29413315?
1
What is the thousands digit of 480652?
0
What is the thousands digit of 263281?
3
What is the hundred thousands digit of 646455?
6
What is the units digit of 31778032?
2
What is the thousands digit of 511393?
1
What is the thousands digit of 20123769?
3
What is the thousands digit of 103045?
3
What is the tens digit of 156683?
8
What is the hundred thousands digit of 955040?
9
What is the ten thousands digit of 719255?
1
What is the hundred thousands digit of 35738167?
7
What is the units digit of 2647?
7
What is the thousands digit of 5648?
5
What is the thousands digit of 7953731?
3
What is the ten thousands digit of 242979?
4
What is the thousands digit of 7239779?
9
What is the thousands digit of 2856698?
6
What is the ten thousands digit of 8428993?
2
What is the hundreds digit of 24358?
3
What is the hundreds digit of 22046?
0
What is the ten thousands digit of 6174321?
7
What is the tens digit of 2486516?
1
What is the millions digit of 1983171?
1
What is the ten thousands digit of 264459?
6
What is the tens digit of 9568577?
7
What is the hundreds digit of 1167879?
8
What is the ten thousands digit of 22382?
2
What is the hundred thousands digit of 388127?
3
What is the ten thousands digit of 42645?
4
What is the tens digit of 5909649?
4
What is the millions digit of 2081432?
2
What is the tens digit of 277525?
2
What is the units digit of 12294220?
0
What is the units digit of 876657?
7
What is the ten thousands digit of 868047?
6
What is the hundred thousands digit of 276990?
2